{"id":7707,"date":"2025-06-13T20:16:00","date_gmt":"2025-06-13T18:16:00","guid":{"rendered":"https:\/\/ivantorres.es\/?page_id=7707"},"modified":"2025-06-13T20:56:55","modified_gmt":"2025-06-13T18:56:55","slug":"politica-de-privacidad","status":"publish","type":"page","link":"https:\/\/ivantorres.es\/en\/politica-de-privacidad\/","title":{"rendered":"Privacy Policy"},"content":{"rendered":"<div data-elementor-type=\"wp-page\" data-elementor-id=\"7707\" class=\"elementor elementor-7707\">\n\t\t\t\t<div class=\"elementor-element elementor-element-dd47d69 e-flex e-con-boxed e-con e-parent\" data-id=\"dd47d69\" data-element_type=\"container\" data-e-type=\"container\">\n\t\t\t\t\t<div class=\"e-con-inner\">\n\t\t\t\t<div class=\"elementor-element elementor-element-4fe6820 elementor-widget elementor-widget-heading\" data-id=\"4fe6820\" data-element_type=\"widget\" data-e-type=\"widget\" data-widget_type=\"heading.default\">\n\t\t\t\t<div class=\"elementor-widget-container\">\n\t\t\t\t\t<h3 class=\"elementor-heading-title elementor-size-default\">Privacy Policy<\/h3>\t\t\t\t<\/div>\n\t\t\t\t<\/div>\n\t\t\t\t<div class=\"elementor-element elementor-element-1f8cdfb elementor-widget elementor-widget-text-editor\" data-id=\"1f8cdfb\" data-element_type=\"widget\" data-e-type=\"widget\" data-widget_type=\"text-editor.default\">\n\t\t\t\t<div class=\"elementor-widget-container\">\n\t\t\t\t\t\t\t\t\t<h5>Data Controller<\/h5><p><span style=\"font-weight: 400;\">Iv\u00e1n Torres Arquitectos SLP, with NIF B56475528 and registered office at Carrer Cabrera 3 bajo, 07800, Ibiza, is responsible for the processing of personal data collected through this website.<\/span><\/p><h5>Purpose of the treatment<\/h5><p><span style=\"font-weight: 400;\">The personal data collected through the contact forms on the website will be used to manage information requests, respond to inquiries, and, where appropriate, offer professional services related to architecture. It will not be used for any other purpose without your consent.<\/span><\/p><h5>Legitimation<\/h5><p><span style=\"font-weight: 400;\">The processing of your data is carried out with your express consent, which is obtained by accepting the privacy policy when submitting the contact forms.<\/span><\/p><h5>Recipients of the data<\/h5><p><span style=\"font-weight: 400;\">The data will not be transferred to third parties unless legally required. No international data transfers will be made.<\/span><\/p><h5>User rights<\/h5><p><span style=\"font-weight: 400;\">El usuario puede ejercer sus derechos de acceso, rectificaci\u00f3n, supresi\u00f3n, oposici\u00f3n, limitaci\u00f3n del tratamiento y portabilidad de los datos, contactando a Iv\u00e1n Torres Arquitectos SLP en la direcci\u00f3n de correo electr\u00f3nico <a href=\"mailto:info@ivantorres.es\">info@ivantorres.es<\/a>.<\/span><\/p><h5>Data retention<\/h5><p><span style=\"font-weight: 400;\">The data will be retained as long as necessary to fulfill the purpose for which it was collected, or until the user exercises their right to erasure.<\/span><\/p>\t\t\t\t\t\t\t\t<\/div>\n\t\t\t\t<\/div>\n\t\t\t\t\t<\/div>\n\t\t\t\t<\/div>\n\t\t\t\t<\/div>","protected":false},"excerpt":{"rendered":"<p>Pol\u00edtica de privacidad Responsable del tratamiento de datos Iv\u00e1n Torres Arquitectos SLP, con NIF B56475528 y domicilio en Carrer Cabrera 3 bajo, 07800, Ibiza, es el responsable del tratamiento de los datos personales recabados a trav\u00e9s de este sitio web. Finalidad del tratamiento Los datos personales que se recogen a trav\u00e9s de los formularios de&#8230;<\/p>","protected":false},"author":1,"featured_media":0,"parent":0,"menu_order":0,"comment_status":"closed","ping_status":"closed","template":"","meta":{"footnotes":""},"class_list":["post-7707","page","type-page","status-publish","hentry"],"_links":{"self":[{"href":"https:\/\/ivantorres.es\/en\/wp-json\/wp\/v2\/pages\/7707","targetHints":{"allow":["GET"]}}],"collection":[{"href":"https:\/\/ivantorres.es\/en\/wp-json\/wp\/v2\/pages"}],"about":[{"href":"https:\/\/ivantorres.es\/en\/wp-json\/wp\/v2\/types\/page"}],"author":[{"embeddable":true,"href":"https:\/\/ivantorres.es\/en\/wp-json\/wp\/v2\/users\/1"}],"replies":[{"embeddable":true,"href":"https:\/\/ivantorres.es\/en\/wp-json\/wp\/v2\/comments?post=7707"}],"version-history":[{"count":10,"href":"https:\/\/ivantorres.es\/en\/wp-json\/wp\/v2\/pages\/7707\/revisions"}],"predecessor-version":[{"id":7729,"href":"https:\/\/ivantorres.es\/en\/wp-json\/wp\/v2\/pages\/7707\/revisions\/7729"}],"wp:attachment":[{"href":"https:\/\/ivantorres.es\/en\/wp-json\/wp\/v2\/media?parent=7707"}],"curies":[{"name":"wp","href":"https:\/\/api.w.org\/{rel}","templated":true}]}}

<div data-elementor-type="wp-page" data-elementor-id="7707" class="elementor elementor-7707">
				<div class="elementor-element elementor-element-dd47d69 e-flex e-con-boxed e-con e-parent" data-id="dd47d69" data-element_type="container" data-e-type="container">
					<div class="e-con-inner">
				<div class="elementor-element elementor-element-4fe6820 elementor-widget elementor-widget-heading" data-id="4fe6820" data-element_type="widget" data-e-type="widget" data-widget_type="heading.default">
				<div class="elementor-widget-container">
					<h3 class="elementor-heading-title elementor-size-default">Privacy Policy</h3>				</div>
				</div>
				<div class="elementor-element elementor-element-1f8cdfb elementor-widget elementor-widget-text-editor" data-id="1f8cdfb" data-element_type="widget" data-e-type="widget" data-widget_type="text-editor.default">
				<div class="elementor-widget-container">
									<h5>Data Controller</h5><p><span style="font-weight: 400;">Iván Torres Arquitectos SLP, with NIF B56475528 and registered office at Carrer Cabrera 3 bajo, 07800, Ibiza, is responsible for the processing of personal data collected through this website.</span></p><h5>Purpose of the treatment</h5><p><span style="font-weight: 400;">The personal data collected through the contact forms on the website will be used to manage information requests, respond to inquiries, and, where appropriate, offer professional services related to architecture. It will not be used for any other purpose without your consent.</span></p><h5>Legitimation</h5><p><span style="font-weight: 400;">The processing of your data is carried out with your express consent, which is obtained by accepting the privacy policy when submitting the contact forms.</span></p><h5>Recipients of the data</h5><p><span style="font-weight: 400;">The data will not be transferred to third parties unless legally required. No international data transfers will be made.</span></p><h5>User rights</h5><p><span style="font-weight: 400;">El usuario puede ejercer sus derechos de acceso, rectificación, supresión, oposición, limitación del tratamiento y portabilidad de los datos, contactando a Iván Torres Arquitectos SLP en la dirección de correo electrónico <a href="mailto:info@ivantorres.es">info@ivantorres.es</a>.</span></p><h5>Data retention</h5><p><span style="font-weight: 400;">The data will be retained as long as necessary to fulfill the purpose for which it was collected, or until the user exercises their right to erasure.</span></p>								</div>
				</div>
					</div>
				</div>
				</div>

<p>Política de privacidad Responsable del tratamiento de datos Iván Torres Arquitectos SLP, con NIF B56475528 y domicilio en Carrer Cabrera 3 bajo, 07800, Ibiza, es el responsable del tratamiento de los datos personales recabados a través de este sitio web. Finalidad del tratamiento Los datos personales que se recogen a través de los formularios de&#8230;</p>
